*d, i = a - 5*d - 29. Suppose 4*s + 2*p = a, -5*s + 4*s - 3*p - 4 = 0. Let y(t) = 2*t - 3. Calculate y(s).
1
Let o(r) = -7*r**3 + 7*r**2 + 7*r + 18. Let s(l) = -2*l**3 + 5. Let j(u) = o(u) - 4*s(u). Calculate j(-6).
-8
Suppose -34*g = -38*g + 24. Let i(l) = -4*l**3 - 2*l**2 + 7*l + 1. Let x(j) = -j**3 + j**2 - 1. Let u(r) = i(r) - 5*x(r). Give u(g).
12
Let i(h) = 36*h - 39. Let a(m) = 22*m - 24. Let q(o) = -5*a(o) + 3*i(o). Let n = -11 - -19. Let u = n + -4. Calculate q(u).
-5
Let b(r) be the first derivative of -r**3/3 + 17*r**2/2 - 64*r + 2671. What is b(12)?
-4
Let r(g) = -3*g - 14. Let w be 1/2 - (-38)/(-4). Let j be r(w). Let y(i) = -i**2 + 14*i - 20. Let t be y(j). Let x(q) = -q - 4. Determine x(t).
3
Suppose 4*h + 4 = 2*r, h + 3 - 2 = -2*r. Let m(o) = 60*o - 5. Let p(y) = -49*y + 4. Let u(n) = 5*m(n) + 6*p(n). What is u(h)?
-7
Let q = 7 - -29. Suppose q = 8*a - 4*a. Let d(p) = p + 4. Give d(a).
13
Let r = 27 - 22. Let z be (2/r)/(42/315). Let k(n) = -2*n + 5 + 3*n**3 + 0*n**3 - 4*n**2 + 5*n - 4*n**z. Give k(-4).
-7
Suppose 24 = 2*w - 16. Suppose 4*a + 3*g = -15, 4*a - 2*g = 2*g + w. Let t(d) = -2 + a - 8*d - d**2 + 4. Determine t(-7).
9
Let t(n) be the third derivative of n**6/360 - 11*n**5/120 - 41*n**4/12 + 21*n**2. Let z(l) be the second derivative of t(l). Calculate z(6).
1
Let u(o) = -62*o**2 - o - 2. Suppose -8*g + 12*g + 4 = 0. Calculate u(g).
-63
Let n(k) be the second derivative of -k**5/20 - 3*k**4/4 + 3*k**3/2 - 7*k**2 - 782*k - 2. Determine n(-10).
-4
Let u(c) = 2*c**2 - 8*c + 6. Let a be ((-290)/(-87))/((-10)/(-12)). Give u(a).
6
Let d be (-4)/(-6) - (-16)/(-6). Let s(t) be the first derivative of t**4/12 + t**3/6 + 2*t - 186. Let p(v) be the first derivative of s(v). Determine p(d).
2
Let w(p) = p**2 + 2 - 5 - 2*p + 4*p + 6. Let g be w(-2). Let c(r) = -4*r**g + 0*r**2 + 3*r**3 + 4 - 7*r**2. Calculate c(-7).
4
Let f(r) = -6*r**2 + 95*r**3 + 34*r + 3 - 3*r**2 - 101*r**3 + 5*r**3 - 6. Give f(3).
-9
Let g be (-2 + -4 - -2)*1. Let y(w) = 66*w**2 - 6*w + 143. Let d(t) = 79*t**2 - 8*t + 170. Let m(z) = 5*d(z) - 6*y(z). What is m(g)?
-8
Let d be (-11)/22*(6/3 - -28). Let c(w) = -4*w - 21. Calculate c(d).
39
Let f(n) = 13*n**3 + 15*n**2 - 3*n + 14. Let m(p) = 37*p**3 + 42*p**2 - 12*p + 42. Let k(h) = -17*f(h) + 6*m(h). Determine k(6).
-4
Let g(f) = -f**3 + 8*f**2 + 31*f + 25. Let x be g(11). Let j(z) = 22*z - 4. What is j(x)?
62
Let j be (-1)/(18/24*2 - 2). Let c(b) = 6*b**2 + 1 - 2 + b**3 - 12*b**2 + 2*b**2 + 3*b**j. What is c(0)?
-1
Suppose -3*j = j + 2*z - 8, -3*j = -3*z - 6. Suppose 2*c = 179 + 89. Let i(r) = -c*r**3 - 4*r**2 + 3*r**j + r + 4 + 135*r**3. Determine i(0).
4
Let y(i) = i**2 - 9*i - 21. Let u(w) = w**3 - 10*w**2 + 28*w + 10. Let d be u(5). Suppose -4*p + 9 + d = -5*q, 5*p = -2*q + 59. What is y(p)?
1
Let j(i) = -i**3 - 8*i**2 - 23*i - 31. Let w be 3/(16/((-400)/15)). What is j(w)?
9
Let h(k) = 2*k**3 + 93*k**2 - 158*k + 213. Let i(m) = m**3 + 47*m**2 - 79*m + 106. Let j(z) = 8*h(z) - 15*i(z). Give j(-41).
-9
Suppose -19*m - 21*m = 3*m. Let r(g) = g**3 - g**2 - 3*g + 8. Give r(m).
8
Let y(t) = -7*t**3 + 7*t**2 - 2*t + 12. Suppose 20*v - 46 = 34. Let z(j) = 9*j**3 - 7*j**2 + j - 13. Let u(p) = v*z(p) + 5*y(p). Calculate u(-8).
-8
Let x = -366 - -272. Let h = x - -95. Let a(t) = -4*t**2 + t - 1. What is a(h)?
-4
Let a(t) be the first derivative of -7*t**2 + 186 + 11*t + 1/3*t**3. Determine a(11).
-22
Suppose 0 = 3*w - 5*a, 3*a - 4 = -68*w + 69*w. Let z(m) = -m**2 - 2*m + 30. Calculate z(w).
-5
Suppose -k = -4, -2*i - 3*k = i - 36. Suppose -10*y - 44 = -i*y. Let q = y + 21. Let c(u) = 5*u + 1. Determine c(q).
-4
Let r(t) be the first derivative of 2*t - 1/3*t**3 + 59 - 1/2*t**2. Determine r(3).
-10
Let v(j) = j**2 - 3*j - 3. Let w(s) = -s - 17. Let k be -2*(0 + (-85)/(-10)). Let o be w(k). Suppose 9 = 3*g + 4*z, 5*g - 5*z = -o*g + 15. Give v(g).
-3
Let f(t) = -t**2 + 18*t + 53. Let i(n) = n**2 - 18*n - 51. Let h(w) = -3*f(w) - 4*i(w). Give h(18).
45
Let r = -9067 + 9070. Let f(j) = -3*j**2 - 8*j + 5. What is f(r)?
-46
Suppose 2*m + 638 = -13*w + 9*w, -4*m = 5*w + 1267. Let l = 311 + m. Let d(p) be the third derivative of -p**6/120 - p**5/20 - p**4/12 - p**2. Determine d(l).
0
Let n(w) be the third derivative of w**9/3780 - w**8/10080 + w**6/720 + 83*w**5/60 - 17*w**2. Let t(i) be the third derivative of n(i). Determine t(-1).
-17
Suppose 0 = 2*p - 2*j + 68, -19 = -69*p + 70*p + 4*j. Let o(x) = x**3 + 40*x**2 + 280*x + 34. What is o(p)?
3
Let z(q) = 3*q**2 + 3*q - 4. Let c(y) = y**2 - 3. Let j be c(0). Let x be z(j). Let k(m) = 9*m + x*m + 3 - 25*m. Calculate k(-5).
13
Suppose 4*x + 45*k + 11 = 48*k, 3*k - 10 = 5*x. Let d(b) = -18*b**3 + 2*b**2 - 2*b + 1. Give d(x).
-17
Suppose -40*l + 4*l - 27*l + 567 = 0. Let k(f) = f - 10. Let w(c) = -c + 11. Let s(p) = -3*k(p) - 2*w(p). Calculate s(l).
-1
Let z(b) = -2*b**2 + 17*b - 2. Suppose 37*k - 442 = -146. What is z(k)?
6
Let x = -218 - -223. Let t(d) = 3*d + 4. Let v(m) = 2*m + 4. Let q(h) = 3*t(h) - 4*v(h). Give q(x).
1
Suppose -2*j - 8 = -6*j, -4*j + 8 = 3*m. Let x(d) = -66*d - 58*d + 262*d + 30 - 67*d - 70*d - 31. Determine x(m).
-1
Let q(b) = -37*b - 9. Let o(l) = 56*l + 9. Let f(i) = 2*o(i) + 3*q(i). Calculate f(3).
-6
Let l(r) = -2*r**2 - 32*r + 69. Let b = 20351 - 20349. Calculate l(b).
-3
Let y be ((-2)/(-3))/(12/7884). Let o = y - 435. Let m(x) = -x**2 - 3*x - 4. Determine m(o).
-22
Let a(p) = -p**2 - 8*p - 1. Let s(l) = l**2 - 24*l - 4. Let j(y) = 3*a(y) - s(y). Let k = 8 - 5. Suppose -r - 4 = -k*f, -f + 4*r + 3 = -2*f. What is j(f)?
-3
Let k(i) = 9*i**3 - 46*i**2 - 3*i - 15. Let r(c) = 14*c**3 - 71*c**2 - 4*c - 21. Let o(a) = 8*k(a) - 5*r(a). Determine o(7).
6
Let c = -12404 - -12398. Let g(p) = 4*p**2 + 5*p - 15. Calculate g(c).
99
Let k(r) = -18*r**2 + 0*r**2 - r**2 - 3*r + 20*r**2. Let j(l) = -l**2 - 11*l + 9. Let x(t) = -t + 1. Let q(h) = -j(h) + 3*x(h). Let n be q(-9). What is k(n)?
0
Let o(z) be the second derivative of 40*z**3/3 - 235*z**2/2 + 2*z - 2099. Calculate o(3).
5
Let g(w) be the second derivative of -w**4/12 - 4*w**3/3 + 11*w**2/2 + 1932*w. What is g(2)?
-9
Let u be 3 + -2 + 5 + -3. Suppose -u + 8 = f. Let b(t) = 0 - f + 2 + 2*t - 3. What is b(5)?
4
Let b(o) = -24*o - 141. Let a be b(-6). Let y(m) = 2594*m**3 - 2595*m**a + 2*m + 2*m + 11 - 8*m**2. What is y(-8)?
-21
Let t(k) = 3*k**3 + 10 + 0*k**3 - 9*k**2 - 2*k**3 + 0*k**3 + 7*k. Let d(g) = 2*g**3 + 19*g**2 - 10*g + 8. Let y be d(-10). Give t(y).
2
Let g(d) = d**3 - 61*d**2 + 2*d - 123. Suppose 0 = 2*n + 4*k - 114, 5*n + 665 = -k + 968. Calculate g(n).
-1
Let n(b) be the third derivative of b**4/24 + 7*b**3/6 + 696*b**2. Calculate n(5).
12
Let j be 1496/51 + 1/(-3). Suppose j*p + 7 = 28*p. Let t(f) = -f - 2. Calculate t(p).
5
Suppose 2*s + 17 = -5*t, -5*s - t + 2 = 10. Let n(x) be the first derivative of -3*x**4/2 - x**2/2 + 17. Give n(s).
7
Let h(i) = 10*i**3 - 18*i**2 + 5*i - 8. Let u(t) = -5*t**3 + 8*t**2 - 2*t + 3. Let f(y) = 2*h(y) + 5*u(y). Give f(3).
-100
Let q(h) = -h**3 - 22*h**2 + 22*h - 30. Suppose -23*f - 13*p + 1 = -27*f, -108 = 5*f - p. What is q(f)?
-7
Let y(w) = 2*w + 48. Let z be y(-26). Let x be 3*z/48 - 231/(-12). Suppose 2*k - x = 1. Let i(f) = f**3 - 9*f**2 - 12*f + 12. What is i(k)?
-8
Let q(l) = 25*l - 3. Let r(p) = -6*p + 1. Let d be (-7 + -2)*2/(-2). Let a(v) = d*r(v) + 2*q(v). Give a(-3).
15
Let d = -135 + 137. Suppose -d*h + 17 = -3*u, -u - 2*h - 4 = -9. Let o(q) = -2*q**2 - 3*q + 3. Calculate o(u).
-6
Let l(x) = 7*x**2 - 5*x - 1. Let c(w) = -w**3 - 13*w**2 - 6*w + 74. Let r be c(-12). What is l(r)?
17
Let r(j) = 771*j - 5392. Let z be r(7). Let v(m) = -m**3 + m**2 + 47*m - 140. What is v(z)?
-5
Let a(k) be the second derivative of k**7/840 + k**6/60 - k**5/120 - k**3/2 + 2*k. Let s(v) be the second derivative of a(v). Let w = -48 - -42. What is s(w)?
6
Let q be (-2 - -1)/(-4 + 5). Let h(c) be the second derivative of 5*c**4/12 - 2*c**3/3 - 2*c**2 - 8*c + 3163. What is h(q)?
5
Let m be ((-20)/(-5))/4*(7 - -3). Let x = m + -7. Let k(r) = 2*r**2 + 4*r - 3*r + 2 + r**3 - 2*r**x + 2*r**3. Calculate k(-3).
-10
Let d(v) = 0 + 3*v + 1 + 135*v**2 - v**3 - 136*v**2. Let p(f) = -f**3 + 6*f**2 + 2*f - 6. Let u be p(6). Let g be (-65)/25 + u/(-15). What is d(g)?
10
Let t(z) be 